{"id":59,"date":"2020-09-06T21:41:07","date_gmt":"2020-09-06T19:41:07","guid":{"rendered":"http:\/\/cremeblech.de\/?page_id=59"},"modified":"2026-04-28T17:38:04","modified_gmt":"2026-04-28T15:38:04","slug":"ueber-uns","status":"publish","type":"page","link":"https:\/\/cremeblech.de\/?page_id=59","title":{"rendered":"\u00dcber uns"},"content":{"rendered":"\n<div class=\"wp-block-media-text alignwide is-stacked-on-mobile\" style=\"grid-template-columns:22% auto\"><figure class=\"wp-block-media-text__media\"><img loading=\"lazy\" decoding=\"async\" width=\"563\" height=\"687\" src=\"http:\/\/cremeblech.de\/wp-content\/uploads\/2021\/02\/Christian.png\" alt=\"\" class=\"wp-image-264 size-full\" srcset=\"https:\/\/cremeblech.de\/wp-content\/uploads\/2021\/02\/Christian.png 563w, https:\/\/cremeblech.de\/wp-content\/uploads\/2021\/02\/Christian-246x300.png 246w\" sizes=\"auto, (max-width: 563px) 100vw, 563px\" \/><\/figure><div class=\"wp-block-media-text__content\">\n<p><\/p>\n\n\n\n<p class=\"has-medium-font-size\" style=\"line-height:1\"><strong>Christian<\/strong> &#8211; Trompete<\/p>\n\n\n\n<p style=\"line-height:1.5\">Bringt mit seiner Konzerttrompete die symphonische Note ins Ensemble. Er riskiert vorm Auftritt gerne mal eine dicke Lippe (Wespenstich).<\/p>\n<\/div><\/div>\n\n\n\n<div class=\"wp-block-media-text alignwide is-stacked-on-mobile\" style=\"grid-template-columns:22% auto\"><figure class=\"wp-block-media-text__media\"><img loading=\"lazy\" decoding=\"async\" width=\"109\" height=\"141\" src=\"http:\/\/cremeblech.de\/wp-content\/uploads\/2021\/02\/Christoph.png\" alt=\"\" class=\"wp-image-267 size-full\"\/><\/figure><div class=\"wp-block-media-text__content\">\n<p><\/p>\n\n\n\n<p class=\"has-medium-font-size\" style=\"line-height:1\"><strong>Christoph<\/strong> &#8211; Trompete<\/p>\n\n\n\n<p style=\"line-height:1.5\">Z\u00e4hlt kategorisch viel zu schnell an, sorgt folglich f\u00fcr den Schwung in der Gruppe. Vor dem Auftritt ist er nie zu fr\u00fch, dabei steht er hochschwangeren Frauen in der U-Bahn auch schon mal beim Geb\u00e4ren bei. (Gute Ausrede)<\/p>\n<\/div><\/div>\n\n\n\n<div class=\"wp-block-media-text alignwide is-stacked-on-mobile\" style=\"grid-template-columns:22% auto\"><figure class=\"wp-block-media-text__media\"><img loading=\"lazy\" decoding=\"async\" width=\"128\" height=\"155\" src=\"http:\/\/cremeblech.de\/wp-content\/uploads\/2021\/02\/Roland.png\" alt=\"\" class=\"wp-image-270 size-full\"\/><\/figure><div class=\"wp-block-media-text__content\">\n<p><\/p>\n\n\n\n<p class=\"has-medium-font-size\" style=\"line-height:1\"><strong>Roland<\/strong> &#8211; Trompete und Fl\u00fcgelhorn<\/p>\n\n\n\n<p style=\"line-height:1.5\">Der Universalist der Trompeten. Der samtige Klang seines Fl\u00fcgelhorns gibt jeder noch so sch\u00f6nen Melodie den n\u00f6tigen Anstrich. Und f\u00fcr sch\u00e4rfere Noten setzt er mit seinem enger gewundenen Instrument Akzente.<\/p>\n<\/div><\/div>\n\n\n\n<div class=\"wp-block-media-text is-stacked-on-mobile\" style=\"grid-template-columns:22% auto\"><figure class=\"wp-block-media-text__media\"><img loading=\"lazy\" decoding=\"async\" width=\"183\" height=\"238\" src=\"http:\/\/cremeblech.de\/wp-content\/uploads\/2025\/05\/johannes-2.jpg\" alt=\"\" class=\"wp-image-417 size-full\"\/><\/figure><div class=\"wp-block-media-text__content\">\n<p class=\"has-medium-font-size\"><strong>Johannes <\/strong>&#8211; Tenorhorn, Posaune<\/p>\n\n\n\n<p>Unser j\u00fcngster Zuwachs und willkommene Verst\u00e4rkung im tiefen Blech. Sowohl am Zug als auch an den Ventilen ist er eine feste Bank.<\/p>\n<\/div><\/div>\n\n\n\n<div class=\"wp-block-media-text alignwide is-stacked-on-mobile\" style=\"grid-template-columns:22% auto\"><figure class=\"wp-block-media-text__media\"><img loading=\"lazy\" decoding=\"async\" width=\"811\" height=\"1024\" src=\"http:\/\/cremeblech.de\/wp-content\/uploads\/2024\/05\/Bildschirmfoto-2024-05-05-um-16.44.39-811x1024.png\" alt=\"\" class=\"wp-image-332 size-full\" srcset=\"https:\/\/cremeblech.de\/wp-content\/uploads\/2024\/05\/Bildschirmfoto-2024-05-05-um-16.44.39-811x1024.png 811w, https:\/\/cremeblech.de\/wp-content\/uploads\/2024\/05\/Bildschirmfoto-2024-05-05-um-16.44.39-238x300.png 238w, https:\/\/cremeblech.de\/wp-content\/uploads\/2024\/05\/Bildschirmfoto-2024-05-05-um-16.44.39-768x970.png 768w, https:\/\/cremeblech.de\/wp-content\/uploads\/2024\/05\/Bildschirmfoto-2024-05-05-um-16.44.39.png 898w\" sizes=\"auto, (max-width: 767px) 89vw, (max-width: 1000px) 54vw, (max-width: 1071px) 543px, 580px\" \/><\/figure><div class=\"wp-block-media-text__content\">\n<p><\/p>\n\n\n\n<p class=\"has-medium-font-size\" style=\"line-height:1\"><strong>Uli<\/strong> &#8211; Bariton<\/p>\n\n\n\n<p style=\"line-height:1.5\">Wahlfranke mit Oberpf\u00e4lzer Wurzeln. Tiefgr\u00fcndig und trocken sein Humor, weshalb er sich im tiefen Blech beheimatet f\u00fchlt und einem k\u00fchlen Schluck Gerstensaft nicht abgeneigt ist (gegen die Trockenheit).<\/p>\n<\/div><\/div>\n\n\n\n<div class=\"wp-block-media-text alignwide is-stacked-on-mobile\" style=\"grid-template-columns:22% auto\"><figure class=\"wp-block-media-text__media\"><img loading=\"lazy\" decoding=\"async\" width=\"177\" height=\"236\" src=\"http:\/\/cremeblech.de\/wp-content\/uploads\/2021\/02\/Guenter.png\" alt=\"\" class=\"wp-image-275 size-full\"\/><\/figure><div class=\"wp-block-media-text__content\">\n<p><\/p>\n\n\n\n<p class=\"has-medium-font-size\"><strong>G\u00fcnter<\/strong> &#8211; Tuba<\/p>\n\n\n\n<p>Nicht nur musikalisch das Grundger\u00fcst der Gruppe. Mit seiner Tuba stellt er neben Metrum und Volumen auch den Spiegel des fr\u00e4nkischen Geschmacks. <\/p>\n<\/div><\/div>\n\n\n\n<p><\/p>\n","protected":false},"excerpt":{"rendered":"<p>Christian &#8211; Trompete Bringt mit seiner Konzerttrompete die symphonische Note ins Ensemble. Er riskiert vorm Auftritt gerne mal eine dicke Lippe (Wespenstich). Christoph &#8211; Trompete Z\u00e4hlt kategorisch viel zu schnell an, sorgt folglich f\u00fcr den Schwung in der Gruppe. Vor dem Auftritt ist er nie zu fr\u00fch, dabei steht er hochschwangeren Frauen in der U-Bahn &hellip; <\/p>\n<p class=\"link-more\"><a href=\"https:\/\/cremeblech.de\/?page_id=59\" class=\"more-link\"><span class=\"screen-reader-text\">\u201e\u00dcber uns\u201c <\/span>weiterlesen<\/a><\/p>\n","protected":false},"author":1,"featured_media":421,"parent":0,"menu_order":0,"comment_status":"closed","ping_status":"closed","template":"","meta":{"footnotes":""},"class_list":["post-59","page","type-page","status-publish","has-post-thumbnail","hentry"],"_links":{"self":[{"href":"https:\/\/cremeblech.de\/index.php?rest_route=\/wp\/v2\/pages\/59","targetHints":{"allow":["GET"]}}],"collection":[{"href":"https:\/\/cremeblech.de\/index.php?rest_route=\/wp\/v2\/pages"}],"about":[{"href":"https:\/\/cremeblech.de\/index.php?rest_route=\/wp\/v2\/types\/page"}],"author":[{"embeddable":true,"href":"https:\/\/cremeblech.de\/index.php?rest_route=\/wp\/v2\/users\/1"}],"replies":[{"embeddable":true,"href":"https:\/\/cremeblech.de\/index.php?rest_route=%2Fwp%2Fv2%2Fcomments&post=59"}],"version-history":[{"count":22,"href":"https:\/\/cremeblech.de\/index.php?rest_route=\/wp\/v2\/pages\/59\/revisions"}],"predecessor-version":[{"id":418,"href":"https:\/\/cremeblech.de\/index.php?rest_route=\/wp\/v2\/pages\/59\/revisions\/418"}],"wp:featuredmedia":[{"embeddable":true,"href":"https:\/\/cremeblech.de\/index.php?rest_route=\/wp\/v2\/media\/421"}],"wp:attachment":[{"href":"https:\/\/cremeblech.de\/index.php?rest_route=%2Fwp%2Fv2%2Fmedia&parent=59"}],"curies":[{"name":"wp","href":"https:\/\/api.w.org\/{rel}","templated":true}]}}